ist the prime factors of 100014195.
3, 5, 19, 89, 3943
List the prime factors of 136843034.
2, 68421517
What are the prime factors of 879363600?
2, 3, 5, 23, 151, 211
List the prime factors of 953591.
19, 31, 1619
What are the prime factors of 1522744272?
2, 3, 7, 53, 3167
List the prime factors of 10591852.
2, 491, 5393
What are the prime factors of 24022717?
17, 349, 4049
List the prime factors of 3179486927.
3179486927
What are the prime factors of 114609841?
4517, 25373
List the prime factors of 678354370.
2, 5, 29, 907, 2579
What are the prime factors of 1533328103?
1533328103
List the prime factors of 72742222.
2, 7, 19, 37, 389
What are the prime factors of 34788094?
2, 11, 127, 12451
What are the prime factors of 19689287?
47, 418921
List the prime factors of 62458685.
5, 23, 103, 5273
List the prime factors of 1348026127.
7, 4909, 39229
List the prime factors of 168517270.
2, 5, 19, 79, 103, 109
What are the prime factors of 1020816325?
5, 19, 2149087
List the prime factors of 1706553358.
2, 853276679
What are the prime factors of 215347769?
7, 13, 2366459
What are the prime factors of 166108715?
5, 3037, 10939
List the prime factors of 250017884.
2, 19, 3289709
List the prime factors of 406322373.
3, 4397, 30803
What are the prime factors of 3956554?
2, 7, 47, 859
List the prime factors of 4337956933.
3769, 1150957
What are the prime factors of 199607407?
19, 10505653
List the prime factors of 69941653.
69941653
What are the prime factors of 266258468?
2, 7, 9509231
What are the prime factors of 212147261?
8443, 25127
What are the prime factors of 2175448392?
2, 3, 13, 47, 49451
What are the prime factors of 508729153?
508729153
List the prime factors of 542489996.
2, 1723, 78713
List the prime factors of 34873755.
3, 5, 7, 199, 1669
List the prime factors of 96793484.
2, 107, 139, 1627
What are the prime factors of 6915128?
2, 11, 179, 439
What are the prime factors of 491686163?
157, 1471, 2129
List the prime factors of 9852195.
3, 5, 337, 1949
List the prime factors of 2363406938.
2, 47, 25142627
List the prime factors of 35309131.
11, 13, 22447
What are the prime factors of 177960180?
2, 3, 5, 61, 48623
What are the prime factors of 183379920?
2, 3, 5, 23, 139, 239
List the prime factors of 16039160.
2, 5, 17, 103, 229
What are the prime factors of 103745156?
2, 647, 40087
List the prime factors of 130273098.
2, 3, 31, 700393
List the prime factors of 772847606.
2, 17959, 21517
What are the prime factors of 18242087?
18242087
List the prime factors of 2162359668.
2, 3, 7, 1373, 18749
List the prime factors of 206725220.
2, 5, 13, 795097
List the prime factors of 475130310.
2, 3, 5, 1523, 10399
List the prime factors of 8605728140.
2, 5, 19, 22646653
What are the prime factors of 53866393?
7, 191, 40289
List the prime factors of 415524395.
5, 11, 13, 19, 73, 419
List the prime factors of 483569355.
3, 5, 653, 49369
List the prime factors of 222234578.
2, 43, 67, 38569
What are the prime factors of 100271246?
2, 19, 2638717
List the prime factors of 63453850.
2, 5, 1269077
List the prime factors of 25643135.
5, 7, 719, 1019
List the prime factors of 479307598.
2, 7, 11, 47, 66221
What are the prime factors of 82170179?
7, 13, 167, 5407
What are the prime factors of 35687959?
35687959
What are the prime factors of 53942698?
2, 26971349
What are the prime factors of 228716414?
2, 19, 6018853
What are the prime factors of 961503282?
2, 3, 53416849
What are the prime factors of 117423312?
2, 3, 2446319
List the prime factors of 149464483.
7, 21352069
List the prime factors of 4239221938.
2, 7, 439, 733, 941
What are the prime factors of 10525882?
2, 431, 12211
List the prime factors of 2861290259.
2861290259
List the prime factors of 92866721.
92866721
What are the prime factors of 213478810?
2, 5, 397, 53773
What are the prime factors of 157954770?
2, 3, 5, 257, 6829
What are the prime factors of 832790312?
2, 7019, 14831
List the prime factors of 818993999.
1361, 601759
List the prime factors of 130850428.
2, 17, 53, 36307
List the prime factors of 1879653225.
3, 5, 31, 109, 7417
What are the prime factors of 1090181254?
2, 67, 97, 83873
List the prime factors of 2090962090.
2, 5, 7, 17, 31, 56681
What are the prime factors of 41925160?
2, 5, 1048129
List the prime factors of 1040009178.
2, 3, 13, 151, 88301
What are the prime factors of 1657603656?
2, 3, 7674091
List the prime factors of 1631801478.
2, 3, 7603, 35771
What are the prime factors of 4700788574?
2, 2350394287
List the prime factors of 411059689.
411059689
List the prime factors of 118667391.
3, 29, 1363993
List the prime factors of 464670894.
2, 3, 17, 4555597
List the prime factors of 179145469.
179145469
List the prime factors of 615207006.
2, 3, 34178167
What are the prime factors of 269505338?
2, 43, 3133783
List the prime factors of 6884447937.
3, 179, 12820201
What are the prime factors of 3931440711?
3, 11, 1613, 73859
What are the prime factors of 148102314?
2, 3, 31, 503, 1583
List the prime factors of 80824690.
2, 5, 59, 136991
What are the prime factors of 87759690?
2, 3, 5, 151, 19373
List the prime factors of 569389838.
2, 284694919
What are the prime factors of 327811432?
2, 13, 3152033
List the prime factors of 61369195.
5, 139, 88301
List the prime factors of 485176048.
2, 7, 618847
List the prime factors of 1471796655.
3, 5, 7, 223, 239, 263
What are the prime factors of 185965776?
2, 3, 31, 41659
List the prime factors of 677097557.
47, 73, 197347
What are the prime factors of 82203162?
2, 3, 13700527
What are the prime factors of 162916409?
1103, 147703
What are the prime factors of 468378551?
71, 6596881
List the prime factors of 1765970426.
2, 11, 80271383
List the prime factors of 5056663341.
3, 1685554447
What are the prime factors of 1898016886?
2, 47, 20191669
List the prime factors of 39050349.
3, 13, 1001291
List the prime factors of 1098428362.
2, 71, 773, 10007
What are the prime factors of 2711614435?
5, 6971, 77797
List the prime factors of 1389755818.
2, 11, 23, 83, 33091
List the prime factors of 2374463377.
11, 13, 16604639
What are the prime factors of 1989446941?
26297, 75653
What are the prime factors of 291370452?
2, 3, 24280871
What are the prime factors of 44671932?
2, 3, 413629
List the prime factors of 23956234.
2, 11978117
What are the prime factors of 138745506?
2, 3, 131, 176521
List the prime factors of 620716410.
2, 3, 5, 17, 23, 31, 569
List the prime factors of 413993438.
2, 206996719
List the prime factors of 2078837137.
13, 159910549
What are the prime factors of 617968428?
2, 3, 7, 11, 17, 39341
What are the prime factors of 17579143?
17579143
What are the prime factors of 193171180?
2, 5, 9658559
List the prime factors of 203439564.
2, 3, 5651099
What are the prime factors of 69116690?
2, 5, 1913, 3613
What are the prime factors of 83862433?
83862433
List the prime factors of 71349432.
2, 3, 7, 11, 38609
List the prime factors of 456918509.
456918509
List the prime factors of 548851076.
2, 137212769
What are the prime factors of 731674232?
2, 6691, 13669
List the prime factors of 185059841.
17, 10885873
List the prime factors of 55331777.
55331777
List the prime factors of 6838144.
2, 41, 1303
List the prime factors of 4317666712.
2, 539708339
What are the prime factors of 792938577?
3, 101, 2616959
List the prime factors of 1073811823.
7, 73, 317, 947
List the prime factors of 377153284.
2, 37, 2548333
What are the prime factors of 92169779?
13, 19, 373157
List the prime factors of 41982263.
127, 330569
List the prime factors of 762545185.
5, 53, 54293
What are the prime factors of 74219312?
2, 271, 17117
List the prime factors of 766951510.
2, 5, 13, 5899627
List the prime factors of 828985689.
3, 7, 13158503
List the prime factors of 47046699.
3, 7, 746773
List the prime factors of 81637726.
2, 29, 1407547
List the prime factors of 11017707.
3, 367, 10007
What are the prime factors of 173650613?
101, 1123, 1531
List the prime factors of 1767601661.
7, 109, 1447, 1601
List the prime factors of 158824524.
2, 3, 1453, 9109
What are the prime factors of 1010738299?
1459, 692761
What are the prime factors of 39267920?
2, 5, 490849
What are the prime factors of 49754495?
5, 7, 17, 83621
List the prime factors of 428